{"id":145,"date":"2016-08-26T11:27:30","date_gmt":"2016-08-26T11:27:30","guid":{"rendered":"http:\/\/serwer1636005.home.pl\/autoinstalator\/wordpress\/?page_id=145"},"modified":"2026-09-02T10:29:03","modified_gmt":"2026-09-02T08:29:03","slug":"kadra-szkoly","status":"publish","type":"page","link":"https:\/\/spszklarygorne.pl\/?page_id=145","title":{"rendered":"Kadra Szko\u0142y Podstawowej im. Jana Brzechwy w Szklarach G\u00f3rnych w roku szkolnym 2026\/27"},"content":{"rendered":"\n<p class=\"wp-block-paragraph\">Kadra pedagogiczna \u2013 rok szkolny 2026\/2027<\/p>\n\n\n\n<p class=\"wp-block-paragraph\">Imi\u0119 i nazwisko \u2013 Nauczany przedmiot \/ zakres zaj\u0119\u0107<\/p>\n\n\n\n<p class=\"wp-block-paragraph\">mgr El\u017cbieta Piasny \u2013 dyrektor szko\u0142y, biblioteka<br><br>mgr Maciej Stefaniak &#8211; wicedyrektor, WOS, historia<\/p>\n\n\n\n<p class=\"wp-block-paragraph\">mgr Julita Bulik \u2013 edukacja wczesnoszkolna, biologia, geografia, edukacja dla bezpiecze\u0144stwa<\/p>\n\n\n\n<p class=\"wp-block-paragraph\">mgr Iwona Czarnecka \u2013 psycholog<\/p>\n\n\n\n<p class=\"wp-block-paragraph\">mgr Adrian Dragan \u2013 j\u0119zyk angielski<\/p>\n\n\n\n<p class=\"wp-block-paragraph\">mgr Dorota Dragan \u2013 informatyka, edukacja zdrowotna, nauczyciel wsp\u00f3\u0142organizuj\u0105cy proces kszta\u0142cenia<\/p>\n\n\n\n<p class=\"wp-block-paragraph\">mgr Ma\u0142gorzata Ka\u0142u\u017ca \u2013 edukacja wczesnoszkolna, nauczyciel wsp\u00f3\u0142organizuj\u0105cy proces kszta\u0142cenia, zaj\u0119cia rewalidacyjne<\/p>\n\n\n\n<p class=\"wp-block-paragraph\">mgr Danuta Kasperska \u2013 plastyka, nauczyciel wsp\u00f3\u0142organizuj\u0105cy proces kszta\u0142cenia<\/p>\n\n\n\n<p class=\"wp-block-paragraph\">mgr Anna Kosacz-Gol \u2013 edukacja wczesnoszkolna, j\u0119zyk angielski, logopedia<\/p>\n\n\n\n<p class=\"wp-block-paragraph\">mgr Ma\u0142gorzata Kozieja \u2013 fizyka, chemia, technika<\/p>\n\n\n\n<p class=\"wp-block-paragraph\">mgr Anna Kuc \u2013 j\u0119zyk polski, biblioteka<\/p>\n\n\n\n<p class=\"wp-block-paragraph\">mgr Barbara Kwapisz \u2013 edukacja wczesnoszkolna, terapia pedagogiczna, tyflopedagogika<\/p>\n\n\n\n<p class=\"wp-block-paragraph\">mgr Magdalena Lewczuk \u2013 pedagog specjalny, edukacja zdrowotna, nauczyciel wsp\u00f3\u0142organizuj\u0105cy proces kszta\u0142cenia<\/p>\n\n\n\n<p class=\"wp-block-paragraph\">mgr Aleksandra Romanowska \u2013 wychowanie przedszkolne, \u015bwietlica, surdopedagogika<\/p>\n\n\n\n<p class=\"wp-block-paragraph\">mgr Urszula Skobel \u2013 edukacja wczesnoszkolna, muzyka<\/p>\n\n\n\n<p class=\"wp-block-paragraph\">mgr Paulina Zacharczyk-Pary\u0142a \u2013 edukacja wczesnoszkolna, przyroda, geografia, doradztwo zawodowe<\/p>\n\n\n\n<p class=\"wp-block-paragraph\">mgr Anna S\u0142uszniak \u2013 wychowanie przedszkolne \u2013 punkt przedszkolny<\/p>\n\n\n\n<p class=\"wp-block-paragraph\">mgr Dagmara Strzelczyk \u2013 matematyka, pedagog szkolny<\/p>\n\n\n\n<p class=\"wp-block-paragraph\">mgr Bogus\u0142awa Sobol \u2013 nauczyciel wsp\u00f3\u0142organizuj\u0105cy proces kszta\u0142cenia<\/p>\n\n\n\n<p class=\"wp-block-paragraph\">mgr Marta Raczy\u0144ska \u2013 j\u0119zyk niemiecki<\/p>\n\n\n\n<p class=\"wp-block-paragraph\">mgr Stanis\u0142aw R\u00f3g \u2013 wychowanie fizyczne, edukacja zdrowotna<\/p>\n\n\n\n<p class=\"wp-block-paragraph\">mgr Marcin Nesterowicz \u2013 religia<\/p>\n\n\n\n<p class=\"wp-block-paragraph\">mgr Laura Majewska \u2013 j\u0119zyk angielski<\/p>\n\n\n\n<p class=\"wp-block-paragraph\">mgr Anna Garula \u2013 j\u0119zyk polski<\/p>\n\n\n\n<p class=\"wp-block-paragraph\">mgr Diana Makuch \u2013 \u015bwietlica<\/p>\n\n\n\n<p class=\"wp-block-paragraph\">mgr Justyna Bartkowicz \u2013 biologia, nauczyciel wsp\u00f3\u0142organizuj\u0105cy proces kszta\u0142cenia, zaj\u0119cia rewalidacyjne<\/p>\n\n\n\n<p class=\"wp-block-paragraph\">mgr Lucyna Szudrowicz \u2013 matematyka<\/p>\n\n\n\n<p class=\"wp-block-paragraph\">mgr Jan Szmigiel \u2013 wychowanie fizyczne, edukacja zdrowotna<\/p>\n\n\n\n<p class=\"wp-block-paragraph\">mgr Halina \u0141apot \u2013 wychowanie przedszkolne<\/p>\n\n\n\n<p class=\"wp-block-paragraph\">mgr Grzegorz Jarz\u0105bek \u2013 zaj\u0119cia praktyczno-techniczne<\/p>\n","protected":false},"excerpt":{"rendered":"<p>Kadra pedagogiczna \u2013 rok szkolny 2026\/2027 Imi\u0119 i nazwisko \u2013 Nauczany przedmiot \/ zakres zaj\u0119\u0107 mgr El\u017cbieta Piasny \u2013 dyrektor szko\u0142y, biblioteka mgr Maciej Stefaniak &#8211; wicedyrektor, WOS, historia mgr Julita Bulik \u2013 edukacja wczesnoszkolna, biologia, geografia, edukacja dla bezpiecze\u0144stwa <a href=\"https:\/\/spszklarygorne.pl\/?page_id=145\" class=\"read-more\">Czytaj dalej<\/a><\/p>\n","protected":false},"author":1,"featured_media":0,"parent":0,"menu_order":0,"comment_status":"closed","ping_status":"closed","template":"","meta":{"footnotes":""},"class_list":["post-145","page","type-page","status-publish","hentry"],"_links":{"self":[{"href":"https:\/\/spszklarygorne.pl\/index.php?rest_route=\/wp\/v2\/pages\/145","targetHints":{"allow":["GET"]}}],"collection":[{"href":"https:\/\/spszklarygorne.pl\/index.php?rest_route=\/wp\/v2\/pages"}],"about":[{"href":"https:\/\/spszklarygorne.pl\/index.php?rest_route=\/wp\/v2\/types\/page"}],"author":[{"embeddable":true,"href":"https:\/\/spszklarygorne.pl\/index.php?rest_route=\/wp\/v2\/users\/1"}],"replies":[{"embeddable":true,"href":"https:\/\/spszklarygorne.pl\/index.php?rest_route=%2Fwp%2Fv2%2Fcomments&post=145"}],"version-history":[{"count":20,"href":"https:\/\/spszklarygorne.pl\/index.php?rest_route=\/wp\/v2\/pages\/145\/revisions"}],"predecessor-version":[{"id":13798,"href":"https:\/\/spszklarygorne.pl\/index.php?rest_route=\/wp\/v2\/pages\/145\/revisions\/13798"}],"wp:attachment":[{"href":"https:\/\/spszklarygorne.pl\/index.php?rest_route=%2Fwp%2Fv2%2Fmedia&parent=145"}],"curies":[{"name":"wp","href":"https:\/\/api.w.org\/{rel}","templated":true}]}}

Kadra Szkoły Podstawowej im. Jana Brzechwy w Szklarach Górnych w roku szkolnym 2026/27

<p class="wp-block-paragraph">Kadra pedagogiczna – rok szkolny 2026/2027</p>



<p class="wp-block-paragraph">Imię i nazwisko – Nauczany przedmiot / zakres zajęć</p>



<p class="wp-block-paragraph">mgr Elżbieta Piasny – dyrektor szkoły, biblioteka<br><br>mgr Maciej Stefaniak &#8211; wicedyrektor, WOS, historia</p>



<p class="wp-block-paragraph">mgr Julita Bulik – edukacja wczesnoszkolna, biologia, geografia, edukacja dla bezpieczeństwa</p>



<p class="wp-block-paragraph">mgr Iwona Czarnecka – psycholog</p>



<p class="wp-block-paragraph">mgr Adrian Dragan – język angielski</p>



<p class="wp-block-paragraph">mgr Dorota Dragan – informatyka, edukacja zdrowotna, nauczyciel współorganizujący proces kształcenia</p>



<p class="wp-block-paragraph">mgr Małgorzata Kałuża – edukacja wczesnoszkolna, nauczyciel współorganizujący proces kształcenia, zajęcia rewalidacyjne</p>



<p class="wp-block-paragraph">mgr Danuta Kasperska – plastyka, nauczyciel współorganizujący proces kształcenia</p>



<p class="wp-block-paragraph">mgr Anna Kosacz-Gol – edukacja wczesnoszkolna, język angielski, logopedia</p>



<p class="wp-block-paragraph">mgr Małgorzata Kozieja – fizyka, chemia, technika</p>



<p class="wp-block-paragraph">mgr Anna Kuc – język polski, biblioteka</p>



<p class="wp-block-paragraph">mgr Barbara Kwapisz – edukacja wczesnoszkolna, terapia pedagogiczna, tyflopedagogika</p>



<p class="wp-block-paragraph">mgr Magdalena Lewczuk – pedagog specjalny, edukacja zdrowotna, nauczyciel współorganizujący proces kształcenia</p>



<p class="wp-block-paragraph">mgr Aleksandra Romanowska – wychowanie przedszkolne, świetlica, surdopedagogika</p>



<p class="wp-block-paragraph">mgr Urszula Skobel – edukacja wczesnoszkolna, muzyka</p>



<p class="wp-block-paragraph">mgr Paulina Zacharczyk-Paryła – edukacja wczesnoszkolna, przyroda, geografia, doradztwo zawodowe</p>



<p class="wp-block-paragraph">mgr Anna Słuszniak – wychowanie przedszkolne – punkt przedszkolny</p>



<p class="wp-block-paragraph">mgr Dagmara Strzelczyk – matematyka, pedagog szkolny</p>



<p class="wp-block-paragraph">mgr Bogusława Sobol – nauczyciel współorganizujący proces kształcenia</p>



<p class="wp-block-paragraph">mgr Marta Raczyńska – język niemiecki</p>



<p class="wp-block-paragraph">mgr Stanisław Róg – wychowanie fizyczne, edukacja zdrowotna</p>



<p class="wp-block-paragraph">mgr Marcin Nesterowicz – religia</p>



<p class="wp-block-paragraph">mgr Laura Majewska – język angielski</p>



<p class="wp-block-paragraph">mgr Anna Garula – język polski</p>



<p class="wp-block-paragraph">mgr Diana Makuch – świetlica</p>



<p class="wp-block-paragraph">mgr Justyna Bartkowicz – biologia, nauczyciel współorganizujący proces kształcenia, zajęcia rewalidacyjne</p>



<p class="wp-block-paragraph">mgr Lucyna Szudrowicz – matematyka</p>



<p class="wp-block-paragraph">mgr Jan Szmigiel – wychowanie fizyczne, edukacja zdrowotna</p>



<p class="wp-block-paragraph">mgr Halina Łapot – wychowanie przedszkolne</p>



<p class="wp-block-paragraph">mgr Grzegorz Jarząbek – zajęcia praktyczno-techniczne</p>

<p>Kadra pedagogiczna – rok szkolny 2026/2027 Imię i nazwisko – Nauczany przedmiot / zakres zajęć mgr Elżbieta Piasny – dyrektor szkoły, biblioteka mgr Maciej Stefaniak &#8211; wicedyrektor, WOS, historia mgr Julita Bulik – edukacja wczesnoszkolna, biologia, geografia, edukacja dla bezpieczeństwa <a href="https://spszklarygorne.pl/?page_id=145" class="read-more">Czytaj dalej</a></p>
